 w and q?
20
Let n be 53*2 + (1 - 2). Let s(k) = k**2 - 3*k + 45. Let r be s(15). Suppose -22*w + 105 = -r. Calculate the greatest common factor of w and n.
15
Let g be 71676/70 + -4 - 30/(-525). Calculate the highest common factor of 748 and g.
68
Let z = 256 + -242. Let k be (1840/z - 8/(-14))*2. Calculate the greatest common divisor of 198 and k.
66
Let x = 697 + -683. Suppose 375 = -9*l + x*l. Calculate the greatest common factor of l and 15.
15
Suppose 6*z = -8 + 38. Suppose 55 = z*g + 10. Let i be -2*(0 + 0 - 18). Calculate the highest common factor of g and i.
9
Suppose 2*w - 11 = -3. Suppose 2*n - 3*n + 32 = -w*t, -4*n + 58 = -2*t. Suppose 132 = n*y - 8*y. What is the greatest common factor of 33 and y?
33
Let c = 4 - -4. Suppose 166 = 8*x + 102. What is the highest common divisor of c and x?
8
Let q(s) = 156*s**2 - 4*s + 3. Suppose 5*c - 4*c - 4*b = -7, 13 = 3*c + 5*b. Let n be q(c). What is the greatest common factor of n and 248?
31
Let b(u) = 21 - 9 + 5*u - 6 - 9. Let x be b(1). Suppose 10 = x*p, -8 = h - 3*p - 1. What is the greatest common factor of 2 and h?
2
Let j be (-372)/(-18)*-9*(-6)/9. Let a = -126 + 211. Let m = j - a. Calculate the highest common divisor of m and 3.
3
Suppose -54*c + 92 + 361 = -843. Calculate the greatest common factor of 848 and c.
8
Let p(r) be the third derivative of r**5/30 - 2*r**4/3 - 4*r**3/3 - 18*r**2 + 2. Let h be p(10). Calculate the greatest common divisor of 48 and h.
16
Suppose -2*a + a + 32 = 0. Let l be (-22)/1*(5 - 13). Calculate the highest common factor of a and l.
16
Suppose -2*b = 5*y - 4*b - 1244, -2*y + 504 = -4*b. Calculate the greatest common divisor of y and 20.
4
Let m = -49 - -47. Let f be 24 - (2 - m) - -2. Calculate the highest common factor of 2 and f.
2
Let a(g) = 14*g + 112. Let s(b) = -5*b**3 + 5*b**2 - 2*b - 1. Let p be s(1). Let u be a(p). Let v = -6 - -13. What is the greatest common divisor of v and u?
7
Let n = 6277 - 6253. Let u(s) = 2*s + 4. Suppose -q = 1 - 7. Let z be u(q). Calculate the highest common factor of z and n.
8
Let z be (-36533)/(-714) - (-1)/(-6). What is the greatest common factor of z and 5253?
51
Let j(x) = 3*x**3 - 11*x**2 + 39*x - 31. Let p be j(5). What is the highest common divisor of p and 168?
24
Let t(d) = 4*d - 223 + 30 + 120. Let m be t(21). Suppose 0 = -2*l + 5*l - n - 71, 4*l - 68 = -4*n. What is the highest common factor of l and m?
11
Suppose 0 = -3*u + 2729 - 38. What is the greatest common divisor of u and 26?
13
Let k = -178309 + 178358. Suppose 0 = 2*l + 3*l - 490. What is the highest common factor of l and k?
49
Suppose 0 = 5*w - w - 12. Let z(h) = h**2 + 109*h - 705. Let y be z(6). Let k = w - y. Calculate the highest common divisor of 18 and k.
18
Suppose -10*h = -6*h - 24. Suppose h*n = n - 4*f + 53, -n = -f - 16. Calculate the highest common factor of 286 and n.
13
Let a(y) = -2*y**2 + 53*y - 8. Let i be a(6). Calculate the greatest common factor of 84 and i.
14
Suppose -7*t - 241 = -s - 101, 0 = 4*s + 5*t - 263. Calculate the greatest common factor of 2673 and s.
11
Suppose 0 = -y - 5*i + 1400, 0 = -0*y - 3*y - i + 4102. What is the greatest common divisor of y and 1155?
105
Suppose 3*d - 4*t = 12, 6*t = -4*d + 3*t - 9. Suppose 4*h + h - 40 = d. Let o = 34 + -26. What is the highest common divisor of o and h?
8
Let t = 2577 + -2276. Let v be 20 + 5 - 1 - 3. What is the highest common divisor of t and v?
7
Let b(k) = -6*k - 326*k**2 + 164*k**2 + 166*k**2. Let p be b(-5). Suppose -13*g = -p - 442. What is the highest common factor of 4 and g?
4
Suppose 0 = -5*y + 2130 + 5595. Suppose -37*d + 32*d = -y. Suppose d = 3*c - 6. What is the greatest common factor of 15 and c?
15
Let w(s) = s**2 + 14*s - 11. Let t(l) = 7*l + 69. Let y be t(-12). Let k be w(y). What is the highest common divisor of k and 8?
4
Let x be 3/(-2) - 104/(-16). Let k be -55*(15/(-10)*(-16)/(-6) - -3). Calculate the highest common factor of x and k.
5
Let g = 13 - -13. Suppose -16*w + 279 = -217. Let k = w - g. Calculate the greatest common factor of k and 55.
5
Suppose -28*g + 30*g = 38. Suppose g*u - 22*u + 170 = 2*l, 0 = 5*u + 4*l - 286. What is the highest common factor of u and 189?
27
Let i be ((-4)/(-6) + -3)*3. Let d(p) = -27*p - 172. Let g be d(i). What is the greatest common divisor of g and 289?
17
Suppose -3*i - n = -188, -3*i + 5*n = -30 - 164. Calculate the highest common factor of 5985 and i.
63
Suppose 14*w - 20*w + 84 = 0. Suppose -w*d + 121 = -467. What is the greatest common factor of 28 and d?
14
Let h(k) = -3*k**3 - 4*k**2 + 2*k + 13. Let d be h(-3). Let g = 199 - d. Calculate the highest common factor of g and 3.
3
Suppose 4*q = -0*q + 256. Suppose q = 8*y - 4*y. Let s be (630/(-1575))/((-2)/160). Calculate the greatest common divisor of y and s.
16
Suppose -5*o = -3*v + 110, 2*v - 3*o - 114 = -v. Suppose -457 + 2557 = 21*j. Calculate the highest common divisor of v and j.
20
Let s(c) = 117*c - 1505. Let u be s(13). Suppose 3*f - 11 - 7 = 0. Let n be f/((-24)/(-28))*u. What is the greatest common factor of n and 14?
14
Let k be 1 - -5 - 4/(-2). Suppose 0 = k*n + 95 + 337. Let r = -36 - n. What is the highest common factor of r and 45?
9
Let a(v) = 9*v - 67. Let g be a(8). Suppose 3*i - 5*i = 4*p - 158, g = -i. Calculate the highest common divisor of 294 and p.
42
Let h be 345/6 + (-9)/6 + 1. Let o = h + -40. What is the highest common divisor of 85 and o?
17
Suppose d - 5*d + 8 = 0. Suppose 0*q + 2*q - 2*h - 8 = 0, d*h = -3*q - 3. Let c be q/2*(0 + 0 - -144). What is the greatest common divisor of c and 24?
24
Let a(w) = 24*w**2 + 143*w - 4. Let b be a(-6). Suppose 17*u = b*j + 19*u - 228, 3*j + 4*u - 337 = 0. What is the highest common factor of 221 and j?
17
Suppose -280 = -14*n + 19*n. Let p = -28 - n. Suppose 14*z + 336 = 17*z. What is the highest common divisor of z and p?
28
Suppose 15*o = 67*o - 2857 - 679. Calculate the greatest common divisor of 1462 and o.
34
Let a = 15905 - 13773. What is the greatest common factor of 52 and a?
52
Let l be (3*1/(-1))/((-12)/320). Suppose -l*g + 85*g = 10. Calculate the highest common factor of g and 24.
2
Let q = -3 + 7. Let r = q + 5. Let j be 180/210*21/6. Calculate the highest common divisor of j and r.
3
Let a = 222 + -204. Suppose -d - 12 = -a. Calculate the greatest common factor of d and 24.
6
Suppose -18*a = -19*a + 4. Suppose -5*f + 4*f + a = 0. Suppose 3*k = -f*h + 190, -7*k + 2*k - h + 345 = 0. What is the greatest common factor of 10 and k?
10
Let g = -435 - -891. Let i be 5/(30/g) - 1. Calculate the highest common factor of 50 and i.
25
Let h(c) = 29*c**2 + 10*c - 27. Let j be h(10). Let v = j - 1537. Suppose 654 = 11*g - v. Calculate the greatest common divisor of 10 and g.
10
Let y = -27 - -77. Let v(p) = p**3 - p**2 - 2*p + 2. Let m be v(1). Suppose m = 3*a + a - 40. What is the greatest common divisor of y and a?
10
Let k be (6/5*30/(-8))/((-23)/874). What is the highest common divisor of k and 36?
9
Let w be (33/2)/(-3) + 4 - 42075/(-110). What is the greatest common divisor of 1016 and w?
127
Let i be (10/(-3))/(2/30). Let r = i + 105. Let h = -238304 - -238315. Calculate the greatest common divisor of r and h.
11
Let y = 3139 + -2943. Calculate the highest common factor of 1274 and y.
98
Suppose 88 - 18 = 5*i. Let a be (-1000)/15*(-57)/4. Let o = 1048 - a. What is the highest common factor of o and i?
14
Suppose 3*x - 115 = -l, -5*l - 5*x + 293 = -332. Suppose -127*g = -l*g + 90. What is the greatest common factor of g and 150?
30
Suppose 5*z + 2226 = 2*w, z + 8942 = 8*w - 0*z. What is the greatest common factor of 946 and w?
86
Suppose 911 = -12*d - 577. Let c(o) = -29*o - 2. Let x be c(-5). Let a = d + x. What is the greatest common divisor of a and 76?
19
Let p be -31 + (-3951)/(-7) - 6/14. Calculate the highest common divisor of 52 and p.
13
Let m(f) = f**2 - 422*f - 2880. Let s be m(-122). Calculate the greatest common factor of 31 and s.
31
Suppose -10*d = -13*d + 15. Suppose -8*l + d*l + 252 = 0. Let r be 122/3 - (l/18 - 5). What is the highest common factor of 205 and r?
41
Let y(q) = q**3 + 7*q**2 + 11*q + 5. Let h be y(-5). Suppose 7*m + 477 - 3074 = h. What is the highest common divisor of 53 and m?
53
Let r = 12671 + -9624. Calculate the greatest common fa